 of 28105 and 7157920?
385
Calculate the greatest common factor of 131138363 and 268.
67
What is the greatest common factor of 5992 and 6141128?
56
What is the greatest common divisor of 175 and 61664575?
175
Calculate the highest common factor of 106 and 546566.
2
Calculate the highest common factor of 2310 and 2022090.
210
Calculate the greatest common factor of 120188641 and 499.
499
Calculate the highest common factor of 126 and 36203466.
6
Calculate the greatest common factor of 49437780 and 364.
28
Calculate the highest common factor of 56545102 and 296.
74
What is the highest common factor of 12743900 and 25?
25
What is the greatest common factor of 18924 and 9194076?
996
Calculate the highest common divisor of 13747 and 213428.
233
What is the highest common divisor of 287000 and 30213925?
7175
What is the highest common factor of 37446 and 5694?
6
Calculate the highest common factor of 958 and 20386240.
958
Calculate the greatest common divisor of 63038903 and 1634.
817
What is the greatest common divisor of 243590612 and 3812?
3812
Calculate the highest common factor of 8908972 and 2624.
164
What is the greatest common divisor of 133 and 37233?
7
What is the highest common factor of 3773491375 and 41?
41
What is the greatest common factor of 704620742 and 2?
2
What is the greatest common divisor of 251845 and 4015?
55
What is the highest common factor of 62715855 and 8610?
615
Calculate the greatest common divisor of 941664 and 38760.
408
What is the highest common divisor of 3 and 15595179?
3
Calculate the highest common divisor of 60 and 503568.
12
What is the greatest common factor of 912 and 325964?
76
Calculate the greatest common divisor of 6824 and 67544.
8
What is the greatest common divisor of 264885 and 85?
5
Calculate the highest common divisor of 105 and 22092735.
105
Calculate the greatest common factor of 153 and 169014.
51
What is the highest common factor of 2613 and 118415331?
201
What is the greatest common factor of 13837904 and 12130?
2426
Calculate the greatest common factor of 89929 and 16205826.
3101
Calculate the greatest common divisor of 35235 and 662103.
9
What is the greatest common factor of 43851 and 326239?
311
What is the highest common divisor of 2754 and 1927494?
306
Calculate the greatest common divisor of 1762173 and 477.
9
What is the highest common divisor of 115217619 and 1947?
1947
What is the highest common factor of 235692634 and 206?
206
What is the highest common factor of 4 and 8682230?
2
Calculate the greatest common divisor of 2704 and 902798.
338
Calculate the highest common factor of 2900961 and 945.
189
Calculate the greatest common divisor of 54378394 and 4462.
4462
What is the greatest common factor of 252880 and 6473510?
1090
What is the highest common divisor of 19732657 and 301?
301
What is the greatest common factor of 3882599 and 602?
301
Calculate the greatest common divisor of 588 and 2554223.
49
What is the greatest common factor of 718484 and 624?
52
Calculate the greatest common factor of 810 and 2584548.
162
What is the greatest common divisor of 102 and 108031974?
102
What is the greatest common divisor of 704051 and 1143079?
2677
What is the greatest common divisor of 326924208 and 59616?
9936
What is the greatest common divisor of 4583651 and 1829?
59
What is the greatest common factor of 320851 and 5?
1
Calculate the highest common divisor of 263962853 and 4881.
1627
What is the greatest common factor of 5127842 and 58?
2
What is the greatest common factor of 771507435 and 15?
15
Calculate the greatest common factor of 17856 and 4465984.
1984
Calculate the highest common factor of 49640 and 132568.
584
Calculate the highest common divisor of 1131 and 1295488.
29
What is the highest common factor of 1395881492 and 274?
274
Calculate the greatest common factor of 3208 and 217066914.
802
What is the highest common divisor of 11782 and 99961776?
274
Calculate the highest common divisor of 30981301 and 13.
13
What is the greatest common factor of 751250 and 146750?
250
Calculate the highest common divisor of 421587946 and 78.
26
Calculate the highest common factor of 828159 and 168510.
123
Calculate the greatest common factor of 1545166 and 8148.
14
What is the greatest common divisor of 216583 and 63584?
1987
Calculate the greatest common divisor of 175 and 6511040.
5
Calculate the greatest common factor of 51 and 189096967.
17
What is the highest common divisor of 242 and 112719310?
22
What is the highest common factor of 151340 and 443380?
140
What is the greatest common factor of 45 and 20765715?
15
Calculate the highest common factor of 827370 and 103356.
522
Calculate the greatest common divisor of 1080 and 273316440.
120
What is the highest common factor of 84201 and 238935?
51
What is the highest common factor of 2295 and 813348?
459
Calculate the highest common factor of 14 and 3352993.
7
Calculate the highest common divisor of 3276 and 150930468.
468
Calculate the greatest common divisor of 9570 and 31027854.
1914
Calculate the highest common factor of 128 and 9148808.
8
Calculate the highest common factor of 26046632 and 51796.
2252
What is the greatest common divisor of 2433897 and 9?
9
Calculate the highest common divisor of 22 and 9304292.
2
Calculate the greatest common factor of 59454 and 284958.
162
What is the greatest common divisor of 406899969 and 1176?
147
What is the highest common divisor of 477 and 5993664?
159
What is the greatest common factor of 138 and 11483412?
6
Calculate the highest common divisor of 1977284 and 145344.
3028
Calculate the highest common factor of 424569 and 21922.
97
What is the greatest common factor of 585 and 130933335?
195
Calculate the highest common factor of 48311621 and 1048.
131
What is the highest common divisor of 4 and 2171182292?
4
What is the greatest common factor of 196 and 118555990?
98
What is the highest common factor of 704848 and 48?
16
What is the highest common factor of 2730 and 1713203310?
2730
Calculate the highest common divisor of 191 and 26138159.
191
What is the highest common divisor of 30472929 and 216?
27
Calculate the greatest common divisor of 2995139 and 497.
7
What is the highest common factor of 86609110 and 140?
70
Calculate the greatest common divisor of 4 and 1197783.
1
Calculate the greatest common divisor of 108564 and 753972.
996
What is the greatest common factor of 98226 and 81280196?
3638
Calculate the highest common factor of 8606264 and 8.
8
What is the greatest common factor of 23273 and 83901903?
1369
Calculate the greatest common divisor of 38521 and 56.
7
Calculate the greatest common divisor of 2 and 199913786.
2
What is the greatest common divisor of 3158416 and 3070?
614
What is the highest common factor of 6511656 and 176882?
2998
Calculate the greatest common factor of 134800 and 18370544.
5392
What is the greatest common divisor of 49733404 and 20?
4
What is the greatest common factor of 22327799 and 1937?
1937
Calculate the highest common divisor of 14262 and 552.
6
What is the greatest common divisor of 3896 and 688056?
8
Calculate the highest common factor of 2228 and 22415908.
2228
Calculate the highest common divisor of 239878620 and 186.
186
Calculate the highest common factor of 40273 and 17319.
23
What is the highest common divisor of 83796 and 47044471?
6983
What is the greatest common factor of 105813 and 3342907?
3919
What is the greatest common divisor of 875 and 12256867?
7
What is the greatest common divisor of 5301 and 9301203?
171
What is the highest common divisor of 1309 and 76470947?
119
Calculate the greatest common divisor of 1700905041 and 113.
113
What is the highest common factor of 1217984 and 45760?
64
What is the highest common divisor of 5446584 and 8424?
936
Calculate the highest common divisor of 36848 and 1961372.
196
Calculate the highest common divisor of 15050 and 1639375.
1075
What is the highest common divisor of 85 and 245326490?
85
What is the highest common factor of 5948898 and 54?
6
What is the greatest common divisor of 428964 and 57936?
12
What is the greatest common divisor of 598762 and 831162?
166
What is the greatest common factor of 9406166 and 3157?
77
Calculate the greatest common factor of 80 and 385620.
20
Calc